 k(-6). Suppose -5*b + 3*g + 303 = 0, b = g - d*g + 67. Is b a multiple of 17?
False
Suppose v - 13 = 2. Does 3 divide v?
True
Is (-107)/(14/63 - (-33)/(-27)) a multiple of 31?
False
Let o(w) = 3*w**2 + 9*w - 11. Is 15 a factor of o(-9)?
False
Suppose -3*m = -0*m - 45. Let t = m - 3. Is t a multiple of 12?
True
Let c be -10*1/(10/(-4)). Suppose 0*s - 20 = -3*r + c*s, -s - 5 = 0. Suppose p - 3*q - 7 = r, 3*p = 5*p - 4*q - 20. Does 16 divide p?
True
Let j(a) = -a**2 - 2*a + 4. Let y be j(-4). Let z = y + 6. Suppose -4*t = 3*s - 64, 5*t - 13 = -s + z*t. Does 11 divide s?
False
Suppose -j - 5 - 37 = -3*c, 2*j = -3*c - 39. Let s = 15 + j. Let u = s - -29. Is u a multiple of 13?
False
Suppose 4*q - 7*q = -54. Is 3 a factor of q?
True
Suppose -r - z + 4 = z, 2*z = 2. Suppose 99 = s + r*s. Is s a multiple of 11?
True
Does 34 divide 138 + (3 - (1 - -1))?
False
Let x = 9 - 16. Let m = -5 - x. Suppose 0*f - 5*s + 46 = m*f, -81 = -5*f - 4*s. Is 13 a factor of f?
True
Let h(m) = -m**3 - 4*m**2 + 3*m + 10. Let r = 13 + -18. Does 3 divide h(r)?
False
Let q be 7/3 + (-4)/(-6). Let s(h) = h**3 - 14*h**2 + 13*h. Let p be s(13). Does 17 divide 1/(q/51 - p)?
True
Let w(v) be the first derivative of 2*v - 2/3*v**3 - 3/4*v**4 - 2 + v**2. Is 6 a factor of w(-2)?
False
Suppose 0 = -3*m + 5*m - 6. Let f be m/(-6*2/(-40)). Let g = 21 - f. Does 11 divide g?
True
Suppose 2*y + 31 = 3*x - 201, 0 = -x + 2*y + 80. Suppose 24 = -2*c + x. Is c a multiple of 8?
False
Suppose 8 = 2*j, 3*j + j = 3*y - 233. Suppose -3*i = -6*i - 3*s + 78, 4*i - 3*s - y = 0. Suppose 70 = 4*q - 2*x, -3*q - 3*x = -q - i. Is q a multiple of 7?
False
Let k = 168 - 141. Is k a multiple of 2?
False
Suppose 3*n - 2*n - 64 = 0. Does 18 divide n?
False
Suppose m + 2 = 35. Is m a multiple of 4?
False
Let p be ((-2)/(-6))/((-8)/24). Does 20 divide (15/12)/(p/(-48))?
True
Let y(i) = 2*i**2 + 7*i + 1. Does 13 divide y(-6)?
False
Let j be 0 + (-3 - -7) + 2. Let i(h) = -h**3 + 8*h**2 - 5*h - 2. Is i(j) a multiple of 17?
False
Suppose 4*r + 5 = 3*g - 4, -20 = -2*g - 2*r. Suppose 2*j = 37 - g. Is j a multiple of 13?
False
Let n be (-4)/12 - 1/(-3). Suppose -4*q - 21 + 163 = 2*u, 3*q - 4*u - 101 = n. Is 12 a factor of q?
False
Let m = 11 + -5. Let v(b) = 8 - 8*b - b**2 - 3*b**2 + 0*b**3 + b**3. Does 16 divide v(m)?
True
Let f(y) = y**2 + 5*y - 6. Let l(r) = r**3 + 10*r**2 + r + 2. Let i(c) = c**2 - 11*c + 8. Let u be i(9). Let z be l(u). Is 18 a factor of f(z)?
True
Let b = -6 - -8. Suppose -b*y + 0*y + q + 13 = 0, y - 4*q = 17. Does 5 divide y?
True
Let a(q) = -138*q + 2. Does 14 divide a(-1)?
True
Suppose -3*j = 3, 5*j - 4*j = -u + 335. Does 69 divide u?
False
Suppose -3*c - 4*w = -120 + 26, -1 = -w. Is 19 a factor of c?
False
Suppose 2*u = 4*u + 4. Let w be u*(1 + 0/2). Is 0 + -1 + (-14)/w a multiple of 6?
True
Suppose -10*u + 6*u = -328. Is u a multiple of 28?
False
Let j be ((-20)/6)/(4/(-6)). Let q = -5 + 139. Suppose -21 = -j*g + q. Does 14 divide g?
False
Let b(f) = f**3 - 5*f**2 - 7*f + 6. Let z be b(6). Suppose -g + z*g = 0. Does 13 divide -17*(g + -1 + -1)?
False
Suppose 4*q - 47 + 39 = 0. Is q even?
True
Suppose 0 = -3*l + l + 440. Is l a multiple of 31?
False
Let q be ((-117)/52)/(6/16). Let w(t) = t**3 + 7*t**2 + 2*t - 3. Is w(q) a multiple of 6?
False
Suppose 3*o - 5*o = -6. Suppose -4*j - 4*z = -o*z - 12, 10 = -j + 3*z. Suppose 53 - 21 = j*r - 2*n, 5*r + 2*n = 66. Is r a multiple of 7?
True
Suppose -2*u = -4*u. Does 12 divide 18/(u + (-6)/(-4))?
True
Let c be (4 + 1)*(-2)/(-5). Suppose 5*n - c*w = -w + 28, 3*n + 4*w = 26. Is 9 a factor of (n/2)/((-9)/(-42))?
False
Let t be -2*(5/2 - 3). Let r(c) = 3*c**3 + c**2 - c. Is r(t) a multiple of 2?
False
Let w = 2 + -3. Let f(m) = -3*m + 1. Let h be f(w). Does 10 divide ((-4)/(-1))/(h/10)?
True
Let r(b) = b**3 + 10*b**2 + 9*b + 2. Let o be r(-9). Suppose 4*i - o*i - 6 = 0. Suppose 0 = 2*t + 3*n - 69, 0 = -7*t + i*t - 4*n + 140. Is 13 a factor of t?
False
Suppose 1140 = 5*h - 5*g, -3*g = -0*h - 4*h + 908. Does 34 divide h?
False
Let c(q) be the first derivative of -q**4/4 + 5*q**3/3 - 5*q**2/2 + 2*q + 6. Is c(3) a multiple of 5?
True
Let v(f) be the first derivative of 3*f**2/2 - 4*f + 2. Let k be v(3). Suppose -k*s + 29 = 3*a, 3*a - 2*s - 11 - 11 = 0. Does 3 divide a?
False
Let k(t) be the second derivative of -t**5/20 - 7*t**4/12 - 3*t**3/2 - t**2/2 + t. Let v(x) = 2*x - 2. Let n be v(-2). Is k(n) a multiple of 7?
False
Let b(d) = d + 24. Does 4 divide b(0)?
True
Let y = 50 - 25. Let g(m) = 38*m**2 + 2*m + 1. Let r be g(-1). Let f = r - y. Is 6 a factor of f?
True
Let v = -8 + 8. Let i(o) = -o**3 + 18. Is 6 a factor of i(v)?
True
Let c = 1 + 3. Let b(l) = -l + 2. Let f(t) = t. Let n(p) = b(p) + 4*f(p). Does 7 divide n(c)?
True
Suppose 4*f - 3*a = 3, -a + 0 = -3. Suppose -3*b + 3 = -f. Suppose -4*s + h = -b*h - 46, 5*h = -2*s + 36. Does 5 divide s?
False
Suppose 0 = -3*l + 109 + 56. Does 19 divide l?
False
Let c be 1190/21 + (-2)/(-6). Suppose -p + 3*k = -32, 39 + c = 3*p - 2*k. Is p a multiple of 16?
True
Let w(i) = 3*i + 8. Let h be w(7). Suppose -m + 24 = 2*v, -m + h = -3*v + 6*v. Does 8 divide m?
False
Suppose 0 = 5*d - 2*d + 2*k - 112, -3*d + 4*k = -100. Is d a multiple of 12?
True
Let l(x) = -x**3 - 9*x**2 + 10*x + 8. Let k(p) = -p**2 + 2*p + 5. Let u be k(5). Is l(u) a multiple of 8?
True
Let v(z) = z**3 + z**2 + 91. Let r be v(0). Suppose -3*t - 73 = -4*k, 11*t - r = -3*k + 6*t. Is 7 a factor of k?
False
Suppose 0 = 4*c + 2*i - 6*i - 20, 5*c - 19 = 3*i. Let p(n) = 5*n**c + 4 - n**3 + 0*n + 2*n - 5*n. Is p(4) a multiple of 4?
True
Suppose 0 = 7*z - 2*z - 420. Suppose 470 = 4*j - 3*m, 5*m - 202 = -2*j + 46. Let q = j - z. Is 12 a factor of q?
False
Let y = 1 - -3. Suppose a - 16 = -3*a + 2*b, -a - y*b - 14 = 0. Let k = a + 1. Is k a multiple of 3?
True
Suppose 0 = 5*i - 5 - 0. Suppose 3*o + i - 34 = 0. Is 11 a factor of o?
True
Let x(i) = -3*i + 13. Let q(t) = t - 4. Let r(k) = 17*q(k) + 6*x(k). Let n be r(-10). Suppose 0 = -3*f - l + n + 17, f = 2*l + 3. Does 9 divide f?
False
Let b(v) be the second derivative of v**5/20 + 5*v**4/12 + v**3/2 - v**2/2 + v. Let d be b(-4). Let j = 13 - d. Does 10 divide j?
True
Let r be (-61)/(-2) - 3/(-6). Let m = r + -5. Is m a multiple of 12?
False
Let m be 28/(-16)*2*2. Let g = 1 + m. Does 13 divide ((-16)/g)/((-3)/(-27))?
False
Does 14 divide (4 + -47 + 1)*-1?
True
Let j(s) = -5*s**2 - 5*s**3 + s + 51 + 2*s**3 + 4*s**3 + 4*s**2. Is 17 a factor of j(0)?
True
Let y(f) = f**2 - 2*f + 3. Let b be y(2). Suppose -3*m - m + b*s = -33, 5*m - 3*s = 45. Is m a multiple of 8?
False
Suppose 4*f - 2*r - 88 = 0, 0*r = 4*f - r - 86. Does 7 divide f?
True
Let n(r) = -r + 41. Is 8 a factor of n(9)?
True
Suppose 104 = -2*h + 324. Is h a multiple of 10?
True
Suppose 0*w = -a - 4*w + 220, 0 = 3*a - 4*w - 692. Suppose -c + 166 = 3*g, 4*g + 0*c - 2*c = a. Is g a multiple of 16?
False
Let j = -21 - -27. Is 3 a factor of j?
True
Let u = -3 - -6. Suppose -7*r = -u*r. Let q = r - -26. Is q a multiple of 13?
True
Let w be 22/10 + (-2)/10. Suppose r + 3*g - 31 = -w*g, 2 = 2*r - 5*g. Is 5 a factor of r?
False
Let p be ((15/3)/(-1))/1. Let l(w) = w + 6. Let d be l(p). Does 10 divide 21 - (-1 - (1 - d))?
False
Suppose 160 = 4*y - 0*y. Let p(x) = -2*x**2 + y - x + 3*x**2 - 11. Is p(0) a multiple of 14?
False
Suppose -4*u = 2*q - 18, -39 = -4*q - 2*u - 9. Suppose 2*m - 3 = -2*w + q, -5*w = -5*m - 15. Is -33*m/((-9)/6) a multiple of 11?
True
Let o be (225/(-12))/5*-24. Suppose 0 = 3*u - 4*u + o. Suppose 0*h + 2*h = 5*s + 36, -5*s + u = 5*h. Does 6 divide h?
True
Is 15 a factor of (-837)/(-15) - (-1)/5?
False
Suppose -z - g + 4*g = -11, 0 = -4*z + 5*g + 23. Let c(m) = -z + m + 8 + 1. Is c(-5) a multiple of 2?
True
Let p(u) = 2*u**2 + 8*u + 13. Let f be p(-7). Suppose -2*c + f + 71 = 0. Is c a multiple of 13?
False
Suppose 3*j + 2*j - 170 = 0. Is j - 0*(-1)/1 a multiple of 17?
True
Let z be 68/(-10) + (-2)/10. Let d be (90/(-7))/3*z. Suppose 4*v - 2*m = -0*m + 30, -3*v + d = m. Is v a multiple of 9?
True
Let u(b) = -9*b - 40. Does 23 divide u(-18)?
False
Suppose -3*m = 5*h - 354, m + 5*h = -m + 241. Is m a multiple of 14?
False
Suppose -4*a = -4*p - 1989 + 85, -972 = -2*a - 3*p. Suppose -2*u = -3*u + 27. Is 18 a factor of a/u + 4/18?
True
Suppo